{"id":173,"date":"2017-08-21T21:33:10","date_gmt":"2017-08-21T21:33:10","guid":{"rendered":"https:\/\/fotorondo.pl\/?page_id=173"},"modified":"2025-12-04T16:26:33","modified_gmt":"2025-12-04T16:26:33","slug":"cennik","status":"publish","type":"page","link":"https:\/\/fotorondo.pl\/index.php\/cennik\/","title":{"rendered":"Cennik"},"content":{"rendered":"\n<p><strong><em><u>CENNIK&nbsp; <\/u><\/em><\/strong><strong><em><u>FOTO-RONDO<\/u><\/em><\/strong><\/p>\n\n\n\n<p><strong>\u00a0\u00a0 Wywo\u0142anie : negatyw C-41\u00a0\u00a0\u00a0\u00a0\u00a0\u00a0\u00a0\u00a0\u00a0\u00a0\u00a0\u00a0\u00a0\u00a0\u00a0\u00a0\u00a0\u00a0\u00a0\u00a0\u00a0\u00a0\u00a0\u00a0\u00a0\u00a0\u00a0\u00a0\u00a0\u00a0\u00a0\u00a0\u00a0\u00a0\u00a0 \u00a0\u00a0\u00a0\u00a0\u00a0\u00a022 z\u0142<\/strong><\/p>\n\n\n\n<p><strong>&nbsp;&nbsp;&nbsp;&nbsp;&nbsp;&nbsp;&nbsp;&nbsp;&nbsp;&nbsp;&nbsp;&nbsp; &nbsp;&nbsp; &nbsp;&nbsp;&nbsp; &nbsp;&nbsp;&nbsp;&nbsp;negatyw cz-b, NC, typ 120 itp.&nbsp;&nbsp;&nbsp;&nbsp;&nbsp;&nbsp;&nbsp;&nbsp;&nbsp; &nbsp;&nbsp;&nbsp;&nbsp;35 z\u0142<\/strong><\/p>\n\n\n\n<p><strong><u>INDEX <\/u><\/strong><strong><u>10&#215;15 &#8211; 5 z\u0142&nbsp; 15&#215;21 &#8211; 8 z\u0142&nbsp;&nbsp; 21&#215;30 &#8211; 15 z\u0142<\/u><\/strong><\/p>\n\n\n\n<figure class=\"wp-block-table\"><table class=\"has-fixed-layout\"><tbody><tr><td><strong>format<\/strong><\/td><td><strong>&nbsp; &nbsp; &nbsp; &nbsp; &nbsp; &nbsp; &nbsp; cena zdj\u0119cia<\/strong><\/td><td><strong>&nbsp; &nbsp; &nbsp; &nbsp; &nbsp; &nbsp; &nbsp; &nbsp; &nbsp; ze slajdu<\/strong><\/td><\/tr><tr><td><strong>&nbsp; &nbsp; &nbsp; &nbsp; &nbsp; &nbsp; &nbsp; 9&#215;13 i 10&#215;15<\/strong><\/td><td><p><strong>\u00a0 \u00a0 \u00a0 \u00a0 \u00a0 \u00a0 \u00a0 \u00a0 \u00a0 \u00a0 \u00a0 \u00a0 1,7 z\u0142<\/strong><\/p><\/td><td><strong>&nbsp; &nbsp; &nbsp; &nbsp; &nbsp; &nbsp; &nbsp; &nbsp; &nbsp; &nbsp; &nbsp; &nbsp; &nbsp;5 z\u0142<\/strong><\/td><\/tr><tr><td><strong>&nbsp; &nbsp; &nbsp; &nbsp; &nbsp; &nbsp; &nbsp; &nbsp; &nbsp; &nbsp; 13&#215;18<\/strong><\/td><td><strong>&nbsp; &nbsp; &nbsp; &nbsp; &nbsp; &nbsp; &nbsp; &nbsp; &nbsp; &nbsp; &nbsp; &nbsp; &nbsp;3 z\u0142<\/strong><\/td><td><strong>&nbsp; &nbsp; &nbsp; &nbsp; &nbsp; &nbsp; &nbsp; &nbsp; &nbsp; &nbsp; &nbsp; &nbsp; &nbsp;6 z\u0142<\/strong><\/td><\/tr><tr><td><strong>&nbsp; &nbsp; &nbsp; &nbsp; &nbsp; &nbsp; &nbsp; &nbsp; &nbsp; &nbsp; 15&#215;21<\/strong><\/td><td><strong>&nbsp; &nbsp; &nbsp; &nbsp; &nbsp; &nbsp; &nbsp; &nbsp; &nbsp; &nbsp; &nbsp; &nbsp; &nbsp;4 z\u0142<\/strong><\/td><td><strong>&nbsp; &nbsp; &nbsp; &nbsp; &nbsp; &nbsp; &nbsp; &nbsp; &nbsp; &nbsp; &nbsp; &nbsp; 10&nbsp;z\u0142<\/strong><\/td><\/tr><tr><td><strong>&nbsp; &nbsp; &nbsp; &nbsp; &nbsp; &nbsp; &nbsp; &nbsp; &nbsp; &nbsp; 18&#215;24<\/strong><\/td><td><strong>&nbsp; &nbsp; &nbsp; &nbsp; &nbsp; &nbsp; &nbsp; &nbsp; &nbsp; &nbsp; &nbsp; &nbsp; &nbsp; 10 z\u0142<\/strong><\/td><td><strong>&nbsp;<\/strong><\/td><\/tr><tr><td><strong>&nbsp; &nbsp; &nbsp; &nbsp; &nbsp; &nbsp; &nbsp; &nbsp; &nbsp; &nbsp; 21&#215;30<\/strong><\/td><td><strong>&nbsp; &nbsp; &nbsp; &nbsp; &nbsp; &nbsp; &nbsp; &nbsp; &nbsp; &nbsp; &nbsp; &nbsp; &nbsp; 15 z\u0142<\/strong><\/td><td><strong>&nbsp;<\/strong><\/td><\/tr><\/tbody><\/table><\/figure>\n\n\n\n<h2 class=\"wp-block-heading\"><em>Na wi\u0119ksze ilo\u015bci zdj\u0119\u0107 dajemy rabaty.<\/em><\/h2>\n\n\n\n<p><strong>Minimalne zam\u00f3wienie &#8211; \u00a08 z\u0142 w formacie.<\/strong><\/p>\n\n\n\n<p><strong>&nbsp;<\/strong><\/p>\n\n\n\n<p><strong>Skanowanie ca\u0142ego filmu na cd:&nbsp; w .jpeg &#8211; 25 z\u0142, w .tiff &#8211; 30 z\u0142<\/strong><\/p>\n\n\n\n<p><strong>Ci\u0119ty film (4-6 klatek):&nbsp;&nbsp;&nbsp;&nbsp;&nbsp;&nbsp;&nbsp;&nbsp;&nbsp;&nbsp;&nbsp;&nbsp;&nbsp;&nbsp;&nbsp; w .jpeg &#8211; 40 z\u0142, w .tiff &#8211; 45 z\u0142<\/strong><\/p>\n\n\n\n<p><strong>Pojedyncze klatki typ 135 w .jpeg &#8211; 5 z\u0142, w .tiff &#8211; 7 z\u0142<\/strong><\/p>\n\n\n\n<p><strong>Pojedyncze klatki inne &nbsp;&nbsp;&nbsp;&nbsp;&nbsp;w .jpeg &#8211; 7 z\u0142, w .tiff &#8211; 9 z\u0142<\/strong><\/p>\n\n\n\n<p><strong>Kolorowe ramki, kadrowanie, redukcja czerwonych oczu&nbsp; + 1z\u0142<\/strong><\/p>\n\n\n\n<p><strong>Reprodukcja do 10&#215;15 &#8211; 30 z\u0142, zapis reprodukcji na cd &#8211; 10z\u0142<\/strong><\/p>\n\n\n\n<p><strong>Zdj\u0119cia do dowod\u00f3w, paszport\u00f3w (4 szt.) &#8211; 55 z\u0142, nast. 4 szt 20 z\u0142\u00a0<\/strong><\/p>\n\n\n\n<p><strong>Dyplom (4 szt.) &#8211;\u00a0 69 z\u0142, nast. 4 szt 20z\u0142<\/strong><\/p>\n\n\n\n<p><strong>Wiza USA i podobne 2 zdj. + plik &#8211; 75 z\u0142 <\/strong><\/p>\n\n\n\n<p><strong>\u00a0Retusz cyfrowy &#8211; 1 godzina 150 z\u0142\u00a0 (min. 35 z\u0142)<\/strong><\/p>\n\n\n\n<p><strong>Przegranie no\u015bnika na CD &#8211; 20 z\u0142, na DVD &#8211; 25 z\u0142,&nbsp; z opisu + 10 z\u0142<\/strong><\/p>\n\n\n\n<p><strong>Odzyskiwanie zdj\u0119\u0107 &#8211; 50 z\u0142 + 50gr od odzyskanego zdj\u0119cia. <\/strong><\/p>\n\n\n\n<p><\/p>\n","protected":false},"excerpt":{"rendered":"<p>CENNIK&nbsp; FOTO-RONDO \u00a0\u00a0 Wywo\u0142anie : negatyw C-41\u00a0\u00a0\u00a0\u00a0\u00a0\u00a0\u00a0\u00a0\u00a0\u00a0\u00a0\u00a0\u00a0\u00a0\u00a0\u00a0\u00a0\u00a0\u00a0\u00a0\u00a0\u00a0\u00a0\u00a0\u00a0\u00a0\u00a0\u00a0\u00a0\u00a0\u00a0\u00a0\u00a0\u00a0\u00a0 \u00a0\u00a0\u00a0\u00a0\u00a0\u00a022 z\u0142 &nbsp;&nbsp;&nbsp;&nbsp;&nbsp;&nbsp;&nbsp;&nbsp;&nbsp;&nbsp;&nbsp;&nbsp; &nbsp;&nbsp; &nbsp;&nbsp;&nbsp; &nbsp;&nbsp;&nbsp;&nbsp;negatyw cz-b, NC, typ 120 itp.&nbsp;&nbsp;&nbsp;&nbsp;&nbsp;&nbsp;&nbsp;&nbsp;&nbsp; &nbsp;&nbsp;&nbsp;&nbsp;35 z\u0142 INDEX 10&#215;15 &#8211; 5 z\u0142&nbsp; 15&#215;21 &#8211; 8 z\u0142&nbsp;&nbsp; 21&#215;30 &#8211; 15 z\u0142 format &nbsp; &nbsp; &nbsp; &nbsp; &nbsp; &nbsp; &nbsp; cena zdj\u0119cia &nbsp; &nbsp; &nbsp; &nbsp; &nbsp; &nbsp; &nbsp; &nbsp; &nbsp; ze slajdu &nbsp;&#8230;<\/p>\n<p class=\"more-link\"><a href=\"https:\/\/fotorondo.pl\/index.php\/cennik\/\"><span>Read More<\/span><i>&#43;<\/i><\/a><\/p>\n","protected":false},"author":1,"featured_media":0,"parent":0,"menu_order":0,"comment_status":"closed","ping_status":"closed","template":"","meta":{"footnotes":""},"class_list":["post-173","page","type-page","status-publish","hentry"],"yoast_head":"<!-- This site is optimized with the Yoast SEO plugin v27.4 - https:\/\/yoast.com\/product\/yoast-seo-wordpress\/ -->\n<title>Cennik - Foto-Rondo<\/title>\n<meta name=\"robots\" content=\"index, follow, max-snippet:-1, max-image-preview:large, max-video-preview:-1\" \/>\n<link rel=\"canonical\" href=\"https:\/\/fotorondo.pl\/index.php\/cennik\/\" \/>\n<meta property=\"og:locale\" content=\"pl_PL\" \/>\n<meta property=\"og:type\" content=\"article\" \/>\n<meta property=\"og:title\" content=\"Cennik - Foto-Rondo\" \/>\n<meta property=\"og:description\" content=\"CENNIK&nbsp; FOTO-RONDO \u00a0\u00a0 Wywo\u0142anie : negatyw C-41\u00a0\u00a0\u00a0\u00a0\u00a0\u00a0\u00a0\u00a0\u00a0\u00a0\u00a0\u00a0\u00a0\u00a0\u00a0\u00a0\u00a0\u00a0\u00a0\u00a0\u00a0\u00a0\u00a0\u00a0\u00a0\u00a0\u00a0\u00a0\u00a0\u00a0\u00a0\u00a0\u00a0\u00a0\u00a0 \u00a0\u00a0\u00a0\u00a0\u00a0\u00a022 z\u0142 &nbsp;&nbsp;&nbsp;&nbsp;&nbsp;&nbsp;&nbsp;&nbsp;&nbsp;&nbsp;&nbsp;&nbsp; &nbsp;&nbsp; &nbsp;&nbsp;&nbsp; &nbsp;&nbsp;&nbsp;&nbsp;negatyw cz-b, NC, typ 120 itp.&nbsp;&nbsp;&nbsp;&nbsp;&nbsp;&nbsp;&nbsp;&nbsp;&nbsp; &nbsp;&nbsp;&nbsp;&nbsp;35 z\u0142 INDEX 10&#215;15 &#8211; 5 z\u0142&nbsp; 15&#215;21 &#8211; 8 z\u0142&nbsp;&nbsp; 21&#215;30 &#8211; 15 z\u0142 format &nbsp; &nbsp; &nbsp; &nbsp; &nbsp; &nbsp; &nbsp; cena zdj\u0119cia &nbsp; &nbsp; &nbsp; &nbsp; &nbsp; &nbsp; &nbsp; &nbsp; &nbsp; ze slajdu &nbsp;&#8230;Read More&#043;\" \/>\n<meta property=\"og:url\" content=\"https:\/\/fotorondo.pl\/index.php\/cennik\/\" \/>\n<meta property=\"og:site_name\" content=\"Foto-Rondo\" \/>\n<meta property=\"article:modified_time\" content=\"2025-12-04T16:26:33+00:00\" \/>\n<meta name=\"twitter:card\" content=\"summary_large_image\" \/>\n<meta name=\"twitter:label1\" content=\"Szacowany czas czytania\" \/>\n\t<meta name=\"twitter:data1\" content=\"2 minuty\" \/>\n<script type=\"application\/ld+json\" class=\"yoast-schema-graph\">{\"@context\":\"https:\\\/\\\/schema.org\",\"@graph\":[{\"@type\":\"WebPage\",\"@id\":\"https:\\\/\\\/fotorondo.pl\\\/index.php\\\/cennik\\\/\",\"url\":\"https:\\\/\\\/fotorondo.pl\\\/index.php\\\/cennik\\\/\",\"name\":\"Cennik - Foto-Rondo\",\"isPartOf\":{\"@id\":\"https:\\\/\\\/fotorondo.pl\\\/#website\"},\"datePublished\":\"2017-08-21T21:33:10+00:00\",\"dateModified\":\"2025-12-04T16:26:33+00:00\",\"breadcrumb\":{\"@id\":\"https:\\\/\\\/fotorondo.pl\\\/index.php\\\/cennik\\\/#breadcrumb\"},\"inLanguage\":\"pl-PL\",\"potentialAction\":[{\"@type\":\"ReadAction\",\"target\":[\"https:\\\/\\\/fotorondo.pl\\\/index.php\\\/cennik\\\/\"]}]},{\"@type\":\"BreadcrumbList\",\"@id\":\"https:\\\/\\\/fotorondo.pl\\\/index.php\\\/cennik\\\/#breadcrumb\",\"itemListElement\":[{\"@type\":\"ListItem\",\"position\":1,\"name\":\"Strona g\u0142\u00f3wna\",\"item\":\"https:\\\/\\\/fotorondo.pl\\\/\"},{\"@type\":\"ListItem\",\"position\":2,\"name\":\"Cennik\"}]},{\"@type\":\"WebSite\",\"@id\":\"https:\\\/\\\/fotorondo.pl\\\/#website\",\"url\":\"https:\\\/\\\/fotorondo.pl\\\/\",\"name\":\"Foto-Rondo\",\"description\":\"Najlepsze odbitki cyfrowe w Warszawie\",\"publisher\":{\"@id\":\"https:\\\/\\\/fotorondo.pl\\\/#organization\"},\"potentialAction\":[{\"@type\":\"SearchAction\",\"target\":{\"@type\":\"EntryPoint\",\"urlTemplate\":\"https:\\\/\\\/fotorondo.pl\\\/?s={search_term_string}\"},\"query-input\":{\"@type\":\"PropertyValueSpecification\",\"valueRequired\":true,\"valueName\":\"search_term_string\"}}],\"inLanguage\":\"pl-PL\"},{\"@type\":\"Organization\",\"@id\":\"https:\\\/\\\/fotorondo.pl\\\/#organization\",\"name\":\"Foto-Rondo\",\"url\":\"https:\\\/\\\/fotorondo.pl\\\/\",\"logo\":{\"@type\":\"ImageObject\",\"inLanguage\":\"pl-PL\",\"@id\":\"https:\\\/\\\/fotorondo.pl\\\/#\\\/schema\\\/logo\\\/image\\\/\",\"url\":\"https:\\\/\\\/fotorondo.pl\\\/wp-content\\\/uploads\\\/2017\\\/08\\\/cropped-logo_FR_lr.png\",\"contentUrl\":\"https:\\\/\\\/fotorondo.pl\\\/wp-content\\\/uploads\\\/2017\\\/08\\\/cropped-logo_FR_lr.png\",\"width\":332,\"height\":75,\"caption\":\"Foto-Rondo\"},\"image\":{\"@id\":\"https:\\\/\\\/fotorondo.pl\\\/#\\\/schema\\\/logo\\\/image\\\/\"}}]}<\/script>\n<!-- \/ Yoast SEO plugin. -->","yoast_head_json":{"title":"Cennik - Foto-Rondo","robots":{"index":"index","follow":"follow","max-snippet":"max-snippet:-1","max-image-preview":"max-image-preview:large","max-video-preview":"max-video-preview:-1"},"canonical":"https:\/\/fotorondo.pl\/index.php\/cennik\/","og_locale":"pl_PL","og_type":"article","og_title":"Cennik - Foto-Rondo","og_description":"CENNIK&nbsp; FOTO-RONDO \u00a0\u00a0 Wywo\u0142anie : negatyw C-41\u00a0\u00a0\u00a0\u00a0\u00a0\u00a0\u00a0\u00a0\u00a0\u00a0\u00a0\u00a0\u00a0\u00a0\u00a0\u00a0\u00a0\u00a0\u00a0\u00a0\u00a0\u00a0\u00a0\u00a0\u00a0\u00a0\u00a0\u00a0\u00a0\u00a0\u00a0\u00a0\u00a0\u00a0\u00a0 \u00a0\u00a0\u00a0\u00a0\u00a0\u00a022 z\u0142 &nbsp;&nbsp;&nbsp;&nbsp;&nbsp;&nbsp;&nbsp;&nbsp;&nbsp;&nbsp;&nbsp;&nbsp; &nbsp;&nbsp; &nbsp;&nbsp;&nbsp; &nbsp;&nbsp;&nbsp;&nbsp;negatyw cz-b, NC, typ 120 itp.&nbsp;&nbsp;&nbsp;&nbsp;&nbsp;&nbsp;&nbsp;&nbsp;&nbsp; &nbsp;&nbsp;&nbsp;&nbsp;35 z\u0142 INDEX 10&#215;15 &#8211; 5 z\u0142&nbsp; 15&#215;21 &#8211; 8 z\u0142&nbsp;&nbsp; 21&#215;30 &#8211; 15 z\u0142 format &nbsp; &nbsp; &nbsp; &nbsp; &nbsp; &nbsp; &nbsp; cena zdj\u0119cia &nbsp; &nbsp; &nbsp; &nbsp; &nbsp; &nbsp; &nbsp; &nbsp; &nbsp; ze slajdu &nbsp;&#8230;Read More&#43;","og_url":"https:\/\/fotorondo.pl\/index.php\/cennik\/","og_site_name":"Foto-Rondo","article_modified_time":"2025-12-04T16:26:33+00:00","twitter_card":"summary_large_image","twitter_misc":{"Szacowany czas czytania":"2 minuty"},"schema":{"@context":"https:\/\/schema.org","@graph":[{"@type":"WebPage","@id":"https:\/\/fotorondo.pl\/index.php\/cennik\/","url":"https:\/\/fotorondo.pl\/index.php\/cennik\/","name":"Cennik - Foto-Rondo","isPartOf":{"@id":"https:\/\/fotorondo.pl\/#website"},"datePublished":"2017-08-21T21:33:10+00:00","dateModified":"2025-12-04T16:26:33+00:00","breadcrumb":{"@id":"https:\/\/fotorondo.pl\/index.php\/cennik\/#breadcrumb"},"inLanguage":"pl-PL","potentialAction":[{"@type":"ReadAction","target":["https:\/\/fotorondo.pl\/index.php\/cennik\/"]}]},{"@type":"BreadcrumbList","@id":"https:\/\/fotorondo.pl\/index.php\/cennik\/#breadcrumb","itemListElement":[{"@type":"ListItem","position":1,"name":"Strona g\u0142\u00f3wna","item":"https:\/\/fotorondo.pl\/"},{"@type":"ListItem","position":2,"name":"Cennik"}]},{"@type":"WebSite","@id":"https:\/\/fotorondo.pl\/#website","url":"https:\/\/fotorondo.pl\/","name":"Foto-Rondo","description":"Najlepsze odbitki cyfrowe w Warszawie","publisher":{"@id":"https:\/\/fotorondo.pl\/#organization"},"potentialAction":[{"@type":"SearchAction","target":{"@type":"EntryPoint","urlTemplate":"https:\/\/fotorondo.pl\/?s={search_term_string}"},"query-input":{"@type":"PropertyValueSpecification","valueRequired":true,"valueName":"search_term_string"}}],"inLanguage":"pl-PL"},{"@type":"Organization","@id":"https:\/\/fotorondo.pl\/#organization","name":"Foto-Rondo","url":"https:\/\/fotorondo.pl\/","logo":{"@type":"ImageObject","inLanguage":"pl-PL","@id":"https:\/\/fotorondo.pl\/#\/schema\/logo\/image\/","url":"https:\/\/fotorondo.pl\/wp-content\/uploads\/2017\/08\/cropped-logo_FR_lr.png","contentUrl":"https:\/\/fotorondo.pl\/wp-content\/uploads\/2017\/08\/cropped-logo_FR_lr.png","width":332,"height":75,"caption":"Foto-Rondo"},"image":{"@id":"https:\/\/fotorondo.pl\/#\/schema\/logo\/image\/"}}]}},"_links":{"self":[{"href":"https:\/\/fotorondo.pl\/index.php\/wp-json\/wp\/v2\/pages\/173","targetHints":{"allow":["GET"]}}],"collection":[{"href":"https:\/\/fotorondo.pl\/index.php\/wp-json\/wp\/v2\/pages"}],"about":[{"href":"https:\/\/fotorondo.pl\/index.php\/wp-json\/wp\/v2\/types\/page"}],"author":[{"embeddable":true,"href":"https:\/\/fotorondo.pl\/index.php\/wp-json\/wp\/v2\/users\/1"}],"replies":[{"embeddable":true,"href":"https:\/\/fotorondo.pl\/index.php\/wp-json\/wp\/v2\/comments?post=173"}],"version-history":[{"count":34,"href":"https:\/\/fotorondo.pl\/index.php\/wp-json\/wp\/v2\/pages\/173\/revisions"}],"predecessor-version":[{"id":18502,"href":"https:\/\/fotorondo.pl\/index.php\/wp-json\/wp\/v2\/pages\/173\/revisions\/18502"}],"wp:attachment":[{"href":"https:\/\/fotorondo.pl\/index.php\/wp-json\/wp\/v2\/media?parent=173"}],"curies":[{"name":"wp","href":"https:\/\/api.w.org\/{rel}","templated":true}]}}